z) = -6*z**2 - 27*z + 22. Let m(h) = 5*h**2 + 24*h - 21. Let s(i) = 4*g(i) + 5*m(i). Give s(b).
-4
Let a(n) be the third derivative of -n**4/4 - 59*n**3/6 - 2367*n**2. What is a(-9)?
-5
Let l(i) = 7*i**2 - 155*i + 40. Let x be l(22). Let c(t) = -t**3 + 17*t**2 + 17*t + 12. Determine c(x).
-6
Let z(l) = l**2 + 7*l + 27. Suppose -9*t + 33*t = 4*t. Calculate z(t).
27
Let j(n) be the first derivative of 19*n**4/4 + n**3 + 3*n**2/2 + 2*n + 4628. Determine j(-2).
-144
Suppose -5*g + 39*f + 17 = 42*f, 5*g = 3*f - 7. Let s(b) = 14*b**3 + b**2 + b - 2. Calculate s(g).
14
Let t(x) be the second derivative of -7*x**3/3 - 273*x**2/2 + 113*x + 15. Calculate t(-19).
-7
Let d = 8 + 7. Let q be d/5 - (3 + -3). Let f(b) = -6*b + q - 12*b + 17*b. Determine f(7).
-4
Let v(m) be the second derivative of -5*m**3/6 + 53*m**2 - 420*m + 2. Determine v(20).
6
Let s(v) = v**2 + 10*v + 9. Let h = 48 + -52. Let d be 10/(-20) - 10/4 - h. Suppose -5*t = 36 - d. Determine s(t).
-12
Let l(t) = 11*t - 6. Suppose 431*a - 597*a - 1494 = 0. What is l(a)?
-105
Let n(m) = -16*m**3 + 2*m**2 - 4*m + 4. Let d = -1755 + 1757. What is n(d)?
-124
Let r(b) = -2*b**2 + 19*b + 12. Let u be r(10). Let v(t) = t**3 + 0 + 10*t - 145*t**u - 8 - t + 153*t**2. Give v(-7).
-22
Let k(a) be the first derivative of -7 + 3*a + 1/2*a**2. What is k(-3)?
0
Let w(j) = -3392*j**2 + 6789*j**2 + 5*j - 3407*j**2 - 8. What is w(4)?
-148
Let q(n) be the third derivative of 0*n + 0*n**3 + 66*n**2 + 1/60*n**5 - 1/24*n**4 + 0. Give q(-1).
2
Let x(c) = -c**3 + c**2 + c. Let v be (-64)/(-36) + 12/54 + 2. Let o(l) = -5*l**3 + 2*l**2 + 3*l. Let f(p) = v*x(p) - o(p). Determine f(-2).
-2
Let k(r) be the second derivative of r**5/20 - 7*r**4/12 + 7*r**3/6 - 39*r**2/2 - r + 630. Determine k(7).
10
Let c = 9 + -5. Suppose -r = 14 + c. Let w be 3/r - (-29)/(-6). Let m(q) = -q**2 - 4*q + 3. Calculate m(w).
-2
Let x be -4*1/6 - 33/(-9). Let b(f) = -75 - x*f**2 - 3*f**2 + 39 + 40 + 4*f + f**3. Give b(5).
-1
Let t(v) = 2*v**2 + 17*v - 39*v + 3*v**2 + 21*v. Let d be t(-1). Let i(m) = 2*m + 10*m - 3*m - 7 - 7*m - d*m**2 + m**3. Calculate i(6).
5
Let v be (6/10)/((28/20)/7). Suppose -16 = v*y - 4. Let r(z) = z**3 - z**2. Let l(m) = -5*m**3 - m + 3. Let p(j) = -l(j) - 4*r(j). What is p(y)?
-7
Let k(l) = -l**2 - 9*l + 410. Let q be k(-22). Let v(j) = 50*j - 51*j + q - 133. Let b = 11 + -18. Determine v(b).
-2
Let z(g) = -13*g**3 + 2*g**2 - 2*g - 3. Let c(n) = 13*n**3 - 3*n**2 + 3*n + 4. Let l(s) = -2*c(s) - 3*z(s). Let u = 10 + -14. Let t be (u/8*-4)/2. What is l(t)?
14
Let n be 4/(-6)*-3 + 11 + -33 + 25. Let j(l) = l**2 + 6*l - 51. What is j(n)?
4
Let z(n) = -33*n - 663. Let p(h) = h**3 + 72*h**2 - 148*h - 20. Let a be p(-74). What is z(a)?
-3
Let j(y) = -4*y**2 - 11*y + 16. Let n(f) = 3*f**2 + 11*f - 15. Let d(i) = -4*j(i) - 5*n(i). Let s(l) = -104*l + 528. Let m be s(5). Determine d(m).
-13
Let s(o) = 7*o - 8. Suppose -88 = -5*b - 3*b. Let c(a) = -20*a + 27. Let q(p) = b*s(p) + 4*c(p). Determine q(6).
2
Let x(s) be the second derivative of 11*s**4/12 + 28*s**3/3 + 3*s**2 - 2*s + 5189. Calculate x(-5).
1
Let d(h) be the third derivative of -11*h**4/24 - 20*h**3 - 5293*h**2. What is d(-11)?
1
Let p(g) = -530 + 1676 - 465 - 64*g - 496. Calculate p(3).
-7
Let v = 4168 - 4162. Let u(d) be the second derivative of d**5/20 - 7*d**4/12 + d**3/3 - d**2/2 - 2*d. Calculate u(v).
-25
Let f(x) be the second derivative of -x**5/20 - 2*x**4/3 + 3*x**3/2 - x**2/2 - x + 7. What is f(-9)?
-1
Let c(d) = 371*d**3 - 372*d**3 - 2*d**2 + 8717 - 2*d - 8716. Let u(g) be the first derivative of -g**4/4 + 3*g**3 - 2*g - 1. Let b be u(9). What is c(b)?
5
Let b(n) be the first derivative of -n**4/4 - 20*n**3/3 - 75*n**2/2 + n - 7538. Give b(-5).
1
Let l(q) = 8*q - 21. Let s = 533 - 530. Give l(s).
3
Let a(z) = -3*z + 3*z + 0*z - z**2 + 7*z - 6. Let l = 2426 - 2418. Give a(l).
-14
Let t(d) = -d**2 - 3*d + 1. Let g = -293 - -293. Suppose -4*k + 5*c - 26 = g, 3*c = 7*c - 8. Calculate t(k).
-3
Let j(h) = 6*h + 28 + 23 - 6*h + h**2 + 5*h**3 - 52. Suppose 0 - 41 = 41*b. Calculate j(b).
-5
Let r(y) = -3*y**2 + 9*y + 9. Suppose -40 = 564*i - 597*i + 92. Give r(i).
-3
Let i(z) be the first derivative of -1/4*z**4 - z**3 + 6 + 0*z + 3/2*z**2. Let l(s) = -s - 54. Let j be l(-56). What is i(j)?
-14
Let x(y) = 3*y**3 + y**2 - 3*y - 2. Let s(r) = -146*r - 217. Let i be s(-4). Let g = -369 + i. Give x(g).
-16
Let m = 242 - 202. Suppose 35*y - 5*n = 33*y + 15, -5*n - m = 3*y. Let j(r) = r**3 + 5*r**2 + 2*r + 5. Give j(y).
-5
Let p be (3/(-18))/((-6)/(-30))*(-54)/(-9). Let f(g) = -g**2 - g - 1. Calculate f(p).
-21
Let n be (-42)/(-441) - ((-19)/21 - 1). Let c(p) = 9 - n - 13 - p. Calculate c(8).
-14
Let d(o) = -2*o**3 - 4*o**2 + 2. Let f be d(-2). Let w(a) = 2 - 65*a**f - 68*a**2 + 134*a**2 + 7*a. Determine w(-6).
-4
Let w(x) = x**2 - 5*x - 72766 - 72764 + 145524. Calculate w(6).
0
Let k(i) = i**2 + 7*i - 17. Let s be k(-9). Let a(w) = -4*w + 16*w + s + 0 - 7*w. Give a(-7).
-34
Let d(t) be the third derivative of -t**6/120 + 2*t**5/5 + 9*t**4/4 - 15*t**3/2 + 278*t**2. Calculate d(26).
7
Let v(s) be the third derivative of -s**6/120 - s**5/4 + s**4/12 + 19*s**3/3 - 3075*s**2. Give v(-15).
8
Let n(b) be the first derivative of 16*b - 5*b**3 + 1/2*b**2 - 114 - 1/4*b**4. Calculate n(-15).
1
Suppose 219*n - 12 + 30 = 213*n. Let q(r) = -2*r**3 - 2*r**2 + 3*r + 1. Give q(n).
28
Let x(y) = y**2 - 9*y. Suppose 17*r = 1066 + 1297. Let b = -143 + r. Let c be (-2 - 5/b)/((-1)/12). Determine x(c).
0
Let q = 7409 + -7423. Let v(u) = u**2 + 14*u - 11. Give v(q).
-11
Suppose -435 = -22*j + 51*j. Let p(o) = -o - 4. What is p(j)?
11
Let h(i) be the first derivative of -i**3/3 - i**2 + 6*i - 2810. Calculate h(7).
-57
Let l(k) = -k**2 - 5*k + 4. Let o(b) = 41 - b**2 - 6 - 51*b + 47*b. Let t be o(-8). Suppose -t*u = d - 3 + 5, -5*u + 15 = -2*d. Determine l(d).
4
Let l be 1 - 6/9*-9. Suppose -5*m + 25 = 0, 4 = -f + l*m - 5*m. Let g(r) = 2*r**2 - 10*r - 7. What is g(f)?
5
Let y = -38 + 49. Let h = y - 9. Let l(o) = 7*o - 7 + 2*o - 2*o**h + o. Determine l(6).
-19
Suppose d - 2 = q + 4*q, -6*q - 4*d = -8. Let b(l) be the second derivative of 22*l + q + 0*l**2 - 5/3*l**3. Determine b(1).
-10
Let z(s) = -12*s + 844. Let j be z(68). Let v(t) = t**2 - 26*t - 45. Determine v(j).
11
Let m(h) be the second derivative of 5*h**3/3 + h**2/2 - 1453*h. Let f be 2/(-11) - (-27)/(-33). Determine m(f).
-9
Let j(u) = -2*u + 7*u + 1 - 2. Let b = -142 + 150. Suppose -3*o = -b - 1. What is j(o)?
14
Let p(o) = 15*o + 12. Suppose -100*x - 936 = 83*x - 27*x. Determine p(x).
-78
Let y(g) = -3*g**3 + 1. Suppose 2*z = -2*z. Let q be -1 - ((-304)/22 + (-26)/143). Suppose z = 13*o - q. Determine y(o).
-2
Let t(f) = f**2 + 5*f + 6. Let u(p) = p**2 - 22*p - 209. Let b be u(-7). What is t(b)?
12
Let n(x) = 3*x + 7. Let i(u) = 10 - u - 4 - 1 + 3*u. Let l(q) = -4*i(q) + 3*n(q). Calculate l(-7).
-6
Let z(q) be the first derivative of 2*q**3/3 + q + 4. Let i be ((-27)/(-36) + (-1)/(-4))*1. Determine z(i).
3
Let h(n) = -10*n - 60. Let y(r) = 6*r + 35. Let i(l) = 5*h(l) + 8*y(l). Calculate i(-4).
-12
Suppose 27*j = 23*j + 288. Let c(d) = 22*d**2 - j*d**2 + 27*d**2 + 24*d**2 + d. Calculate c(-1).
0
Let q(i) = -22*i - 1 + 33*i - 10*i. Let m(a) = a + 3. Let v be m(10). Suppose 3*k + 2 = -v. What is q(k)?
-6
Let s(h) = h**3 + 8*h**2 + 3*h + 7. Let c = -90 + 100. Suppose -c*f = -9*f - 44. Suppose -19 - 1 = 2*o - v, 0 = -5*o + v - f. Determine s(o).
-17
Suppose 3*g = 2*w - 4, 4*w = -0*g + g - 2. Let l(z) = 617 - 350 - z - 267. Calculate l(w).
1
Let u(i) = 3*i**3 - 18*i**2 - 3*i - 5. Let k(q) = q**3 - 9*q**2 - 33*q + 236. Let x be k(10). Determine u(x).
-23
Let q(i) = -142*i**2 + 15*i - 39. Let a(f) = 36*f**2 - 3*f + 9. Let m(s) = -9*a(s) - 2*q(s). Give m(-1).
-40
Let m(c) be the third derivative of -c**4/24 + c**3/6 + c**2. Suppose -12*z + 64 = 16. Suppose -2*b - 30 = -4*f, -z*f = -14*b + 17*b - 25. Calculate m(f).
-6
Let f(s) = -4*s**3 + 9*s**2 + 4*s - 6. Let k(x) = -5*x**3 + 9*x**2 + 3*x - 8. Let m(q) = 6*f(q) - 5*k(q). Calculate m(-7).
39
Let x = -5 - -8. Let q(v) = -2*v**x - 4*v + 2*v - 4*v**2 + 1 + 1. Let y = -117194 - -117192. Determine q(y).
6
Let u(o) = o**3 + 10*o**2 + 7*o - 12. Let l = -84 + 87. Suppose 3*q = -l*w - 33, -13*q